en 4658813 is divided by 18?
17
What is the remainder when 1546 is divided by 127?
22
Calculate the remainder when 155724 is divided by 56.
44
Calculate the remainder when 32760 is divided by 284.
100
Calculate the remainder when 40814 is divided by 1774.
12
What is the remainder when 2436872 is divided by 1524?
1520
Calculate the remainder when 24102 is divided by 335.
317
What is the remainder when 14517 is divided by 7240?
37
What is the remainder when 5716 is divided by 268?
88
Calculate the remainder when 4454 is divided by 409.
364
Calculate the remainder when 16795 is divided by 43.
25
What is the remainder when 9462 is divided by 380?
342
What is the remainder when 3826 is divided by 370?
126
Calculate the remainder when 31247 is divided by 15523.
201
Calculate the remainder when 243494 is divided by 16229.
59
Calculate the remainder when 6173 is divided by 5.
3
What is the remainder when 10174 is divided by 282?
22
What is the remainder when 1589 is divided by 538?
513
What is the remainder when 97404 is divided by 9?
6
Calculate the remainder when 14479 is divided by 71.
66
Calculate the remainder when 5183 is divided by 1204.
367
Calculate the remainder when 32764 is divided by 276.
196
Calculate the remainder when 100 is divided by 26.
22
What is the remainder when 2635 is divided by 146?
7
What is the remainder when 29624 is divided by 216?
32
What is the remainder when 8358639 is divided by 326?
325
Calculate the remainder when 180708 is divided by 60236.
0
What is the remainder when 245947 is divided by 1098?
1093
What is the remainder when 3732 is divided by 103?
24
Calculate the remainder when 3357 is divided by 211.
192
Calculate the remainder when 7654 is divided by 2342.
628
Calculate the remainder when 17983 is divided by 136.
31
Calculate the remainder when 3955 is divided by 730.
305
Calculate the remainder when 9048 is divided by 8982.
66
What is the remainder when 4388 is divided by 32?
4
Calculate the remainder when 6021 is divided by 858.
15
Calculate the remainder when 11134 is divided by 131.
130
Calculate the remainder when 5740 is divided by 185.
5
Calculate the remainder when 247497 is divided by 110.
107
Calculate the remainder when 18997 is divided by 188.
9
Calculate the remainder when 144249 is divided by 67.
65
What is the remainder when 95629 is divided by 283?
258
Calculate the remainder when 928 is divided by 282.
82
Calculate the remainder when 31689 is divided by 11.
9
What is the remainder when 2325 is divided by 474?
429
What is the remainder when 16664 is divided by 697?
633
What is the remainder when 3287 is divided by 469?
4
Calculate the remainder when 68198 is divided by 34098.
2
Calculate the remainder when 4509 is divided by 895.
34
What is the remainder when 39759 is divided by 1525?
109
Calculate the remainder when 732438 is divided by 183108.
6
Calculate the remainder when 118991 is divided by 8.
7
What is the remainder when 483548 is divided by 414?
410
Calculate the remainder when 580513 is divided by 43.
13
What is the remainder when 389725 is divided by 1031?
7
Calculate the remainder when 205911 is divided by 14.
13
What is the remainder when 28280 is divided by 9383?
131
Calculate the remainder when 3481 is divided by 76.
61
What is the remainder when 5628 is divided by 559?
38
Calculate the remainder when 44531 is divided by 120.
11
What is the remainder when 17770 is divided by 1612?
38
Calculate the remainder when 277481 is divided by 74.
55
Calculate the remainder when 872 is divided by 426.
20
Calculate the remainder when 5051 is divided by 2520.
11
Calculate the remainder when 12154 is divided by 61.
15
Calculate the remainder when 4837 is divided by 403.
1
Calculate the remainder when 131053 is divided by 85.
68
What is the remainder when 2980 is divided by 553?
215
Calculate the remainder when 2899 is divided by 418.
391
Calculate the remainder when 4830 is divided by 99.
78
What is the remainder when 8176 is divided by 282?
280
What is the remainder when 34915 is divided by 7?
6
Calculate the remainder when 371 is divided by 48.
35
Calculate the remainder when 1093 is divided by 343.
64
What is the remainder when 152027 is divided by 75940?
147
Calculate the remainder when 157853 is divided by 11.
3
Calculate the remainder when 123479 is divided by 8.
7
Calculate the remainder when 933 is divided by 451.
31
What is the remainder when 16230 is divided by 598?
84
What is the remainder when 22946 is divided by 478?
2
What is the remainder when 25901 is divided by 52?
5
What is the remainder when 817 is divided by 440?
377
What is the remainder when 64921 is divided by 2705?
1
What is the remainder when 128618 is divided by 341?
61
What is the remainder when 948 is divided by 474?
0
Calculate the remainder when 154790 is divided by 22112.
6
Calculate the remainder when 25831 is divided by 3196.
263
What is the remainder when 62081 is divided by 4?
1
What is the remainder when 24596 is divided by 40?
36
Calculate the remainder when 333480 is divided by 978.
960
Calculate the remainder when 14180 is divided by 40.
20
What is the remainder when 10320 is divided by 180?
60
Calculate the remainder when 27827 is divided by 13875.
77
Calculate the remainder when 14837 is divided by 43.
2
What is the remainder when 93869 is divided by 410?
389
What is the remainder when 3400 is divided by 23?
19
Calculate the remainder when 206152 is divided by 206142.
10
What is the remainder when 252648 is divided by 28?
4
Calculate the remainder when 25647 is divided by 68.
11
Calculate the remainder when 73360 is divided by 2223.
1
Calculate the remainder when 162589 is divided by 24.
13
What is the remainder when 621 is divided by 67?
18
What is the remainder when 360386 is divided by 879?
875
Calculate the remainder when 27010 is divided by 403.
9
Calculate the remainder when 39052 is divided by 16.
12
What is the remainder when 3277 is divided by 62?
53
Calculate the remainder when 3150440 is divided by 58.
54
Calculate the remainder when 11118 is divided by 162.
102
What is the remainder when 25401 is divided by 1813?
19
What is the remainder when 21710 is divided by 1034?
1030
Calculate the remainder when 6753 is divided by 104.
97
What is the remainder when 66867 is divided by 21?
3
Calculate the remainder when 12380 is divided by 48.
44
Calculate the remainder when 67464 is divided by 9632.
40
What is the remainder when 4065 is divided by 4038?
27
Calculate the remainder when 11005 is divided by 53.
34
Calculate the remainder when 27408 is divided by 137.
8
What is the remainder when 2975 is divided by 230?
215
Calculate the remainder when 8077 is divided by 425.
2
Calculate the remainder when 31437 is divided by 449.
7
Calculate the remainder when 244342 is divided by 81444.
10
Calculate the remainder when 1889534 is divided by 103.
102
Calculate the remainder when 647121 is divided by 7.
6
What is the remainder when 29945 is divided by 77?
69
Calculate the remainder when 1920846 is divided by 49.
46
What is the remainder when 395 is divided by 241?
154
What is the remainder when 1060 is divided by 312?
124
Calculate the remainder when 20836 is divided by 6924.
64
What is the remainder when 81165 is divided by 4269?
54
Calculate the remainder when 17632 is divided by 4401.
28
What is the remainder when 3284458 is divided by 18?
16
What is the remainder when 3586 is divided by 1083?
337
What is the remainder when 5735 is divided by 5569?
166
Calculate the remainder when 290 is divided by 50.
40
Calculate the remainder when 157620 is divided by 60.
0
What is the remainder when 578802 is divided by 12?
6
Calculate the remainder when 616884 is divided by 29.
25
What is the remainder when 223433 is divided by 22339?
43
What is the remainder when 2435 is divided by 925?
585
Calculate the remainder when 3984 is divided by 1174.
462
What is the remainder when 4640 is divided by 92?
40
Calculate the remainder when 68759 is divided by 18.
17
What is the remainder when 217688 is divided by 40?
8
What is the remainder when 79204 is divided by 1321?
1265
Calculate the remainder when 6499 is divided by 363.
328
Calculate the remainder when 91346 is divided by 15.
11
What is the remainder when 993 is d